 4*v. Let n be x(-2). Let f be (3 - (-60)/n)/(-1). What is the highest common factor of f and 17?
17
Let u(t) = t + 15. Suppose 2*c + 232 = 6*c. Suppose -5*g + 13 = c. Let l be u(g). What is the greatest common divisor of l and 15?
3
Suppose -22*f = -32*f + 10560. What is the highest common divisor of 192 and f?
96
Let t = -30 + 38. Suppose -k = -4*q - t, -k - 4 = -4*k + 2*q. Let z(m) = -m**3 + m**2 + m + 27. Let s be z(k). What is the highest common divisor of 189 and s?
27
Suppose 3*d - 2*z - 2 = 0, -2*d + d + 19 = 3*z. Suppose d*b = 5*s + b - 717, 2*b - 2 = 0. What is the highest common factor of s and 36?
36
Let q(i) be the second derivative of i**3/2 + i**2 + 6*i. Let w be q(6). Let y be (-249)/(-5) - 5/(-25). Calculate the greatest common factor of w and y.
10
Suppose 38 = 4*s - 14. Calculate the highest common divisor of s and 143.
13
Suppose 8*p + 122 = 9*p. Suppose -5*q = -w - p, -4*w - 10 = -22. Let x(z) = 10*z**2. Let a be x(-1). What is the greatest common factor of q and a?
5
Let b = -44 + 65. Suppose 0 = -j + 5*l - b, 0 = l - 3 - 2. Calculate the greatest common divisor of 28 and j.
4
Let l be ((6 - (-15)/10) + -1)*22. What is the highest common factor of l and 11?
11
Let y be (-3 + 9 + -4)/((-2)/4). Let o be ((-234)/4)/((-4)/(-2))*y. What is the highest common factor of 13 and o?
13
Suppose -22*b + 3766 - 774 = 0. What is the greatest common factor of b and 64?
8
Let p be (-2)/3 + 10570/15. What is the greatest common divisor of p and 22?
22
Let h(f) = f**3 + 7*f**2 - 5*f + 1. Let y be h(-5). Suppose 0 = -11*i + 78 + y. Let o be (-1 - (-2)/4)*-28. Calculate the greatest common factor of i and o.
14
Let c(k) = k**3 - 17*k**2 + 17*k - 36. Let q be c(18). Calculate the highest common divisor of q and 54.
54
Suppose -46 = -j + 4*j + x, -2*j = -3*x + 38. Let i(z) = -z**3 - 16*z**2 - 2*z + 2. Let d be i(j). What is the greatest common divisor of d and 170?
34
Let t = 232 - 194. What is the greatest common factor of t and 456?
38
Suppose -o = -5*k + 101, o - 5 + 6 = 0. Suppose 2*y + k = -3*y. Let j(b) = 2*b**2 - 4*b + 3. Let q be j(y). What is the greatest common factor of q and 34?
17
Suppose -5*t + 1 + 19 = 0. Let a be 1/(-1) - (-1 - t). Suppose 4*k - 328 = -4*f, -a*k = 2*f - 6*f + 352. What is the highest common divisor of f and 17?
17
Suppose 0 = 5*n + 2*x - 0*x + 376, 5*n + 386 = 3*x. Let f = -58 - n. What is the greatest common divisor of 18 and f?
18
Suppose 4*c = -2*f + 140, -4*c + 3*f - 111 = -7*c. Calculate the greatest common divisor of 1947 and c.
33
Let k = -3 - -1. Let p = 2 + k. Suppose -3*g + 7*g - 12 = p. What is the highest common divisor of 3 and g?
3
Let i be 16/(-224)*-14 + 2*1. Calculate the greatest common divisor of i and 69.
3
Let m = -217 + 224. What is the highest common divisor of m and 49?
7
Suppose -6*h + 4 = -8. Suppose 5*o = -4*b + 653, -o = -3*b + h*b + 161. What is the highest common factor of b and 18?
18
Let v = 819 - 810. What is the greatest common divisor of v and 24?
3
Let j(d) = 34*d - 3. Let y be j(3). Suppose -5*p + p = 4*b - 152, -3*p = -2*b - y. Calculate the highest common divisor of 5 and p.
5
Suppose -4*p - 123 = -3*m, -m + 102 = 2*m + 3*p. Calculate the greatest common divisor of 481 and m.
37
Let t = 268 - 59. Let q(w) = -4*w - 1. Let b be q(-3). What is the highest common divisor of t and b?
11
Let i(w) = 3*w + 28. Let k be i(9). Calculate the highest common factor of 385 and k.
55
Let r(m) = -5*m. Suppose -v - 5*d = -20, v - 5*d = 4*v - 50. Let b = v - 16. Let s be r(b). Calculate the greatest common factor of s and 20.
5
Suppose 559 = l - 79. Calculate the greatest common factor of l and 174.
58
Suppose 4*d + 6*z - z - 120 = 0, 4*d = 4*z + 156. Suppose 23*i - 2835 = 14*i. Calculate the highest common divisor of i and d.
35
Let i be 9/(-1*(-4 + 1 + 2)). What is the highest common factor of i and 9?
9
Let j be (-246)/4*(12 + -14). Calculate the greatest common factor of j and 205.
41
Let f be (270/(-63))/(-2*6/112). What is the greatest common factor of f and 90?
10
Suppose 582*p - 10200 = 574*p. What is the greatest common divisor of p and 30?
15
Let h be 4 + -4 + -4 - -1. Let q(m) = 4*m**2 - 2*m - 6. Let s be q(h). Calculate the greatest common factor of s and 9.
9
Let p be ((-3)/(-6))/((-43)/(-11696)). What is the highest common factor of 34 and p?
34
Suppose -5*p = -p + 2*x - 152, -2*x = -5*p + 172. Calculate the highest common divisor of p and 18.
18
Let j(o) = -o**3 - 30*o**2 + 26*o - 31. Let f be j(-31). Let w = -23 + 51. Suppose 0 = -4*p - w + f. Calculate the greatest common divisor of 60 and p.
12
Suppose 32*f - 22*f = 2720. What is the highest common divisor of f and 17?
17
Let s(g) = 4*g**2 - 3*g - 2. Let z be s(-2). Suppose b - 4*f + 7 + 8 = 0, b - f = 0. Calculate the greatest common divisor of b and z.
5
Suppose -1100 = 473*o - 495*o. Calculate the greatest common factor of o and 950.
50
Suppose -154*m + 152*m = -72. Calculate the highest common divisor of 180 and m.
36
Let n(m) = m. Let z be n(1). Calculate the highest common divisor of z and 25.
1
Let z = -92 - -117. What is the highest common divisor of z and 575?
25
Suppose 10*f - 468 - 322 = 0. Let o = f + -39. What is the highest common factor of 10 and o?
10
Let o be (-1 + (0 - -1))/(-3)*-1. Suppose -3*s + 80 + 136 = o. Calculate the greatest common factor of s and 8.
8
Let t(o) be the first derivative of 5*o**2/2 - 5*o - 4. Let u be t(4). Calculate the highest common factor of 6 and u.
3
Let h be 2/(-1*(-6)/(-39)). Let b = h + 15. Suppose s + 3*m - 103 = 44, b*m = 3*s - 386. What is the highest common divisor of s and 12?
12
Suppose -3*r - 4*b - 261 = -0*b, -2*b = r + 89. Let c = -6 - r. Let n be 9/6 + -1 + 42/4. What is the highest common divisor of n and c?
11
Let t(u) = 3*u - 27. Let c be 4/6*405/18. Let b be t(c). What is the highest common factor of 90 and b?
18
Let w be (-2)/6 + 848/24. Let n be (11/22)/((-1)/(-10)). What is the highest common factor of w and n?
5
Let j(h) = h + 13. Let s be j(-15). Let d = s + 8. Calculate the greatest common factor of 6 and d.
6
Let o(j) be the first derivative of 5*j**2/2 + 30*j - 1. Let a be o(-4). Calculate the greatest common factor of 80 and a.
10
Suppose 3*b - 8 = -b - 4*m, 3*m + 9 = 2*b. Suppose -4 = -0*w - 2*w. Suppose t + 11 = 3*f, -2*t - 9 = -w*f + 1. What is the greatest common factor of b and f?
3
Let y(c) = -15*c - 11. Let r be y(-4). Let u = -40 + r. Calculate the highest common divisor of 9 and u.
9
Let m = -135 - -277. Let v = m - 86. Calculate the greatest common factor of v and 7.
7
Suppose 4*o + z = 6*z + 163, -2*z - 131 = -3*o. Calculate the greatest common factor of 611 and o.
47
Let i be (6 - 120/18)/((-6)/306). What is the highest common factor of i and 51?
17
Suppose -2172 - 648 = -12*i. Calculate the highest common factor of i and 517.
47
Suppose -207 + 12 = -13*u. Calculate the highest common factor of u and 25.
5
Let x be (-1500)/(-22) - (-14)/(-77). Let z be x/7 - 22/(-77). Suppose 4*y = -0*y + 40. What is the highest common divisor of y and z?
10
Suppose 13*r - 12*r = 3*g - 420, -2*r - 6 = 0. Calculate the highest common divisor of 2 and g.
1
Let y(d) = d + 93. Let h be y(-31). Calculate the highest common factor of h and 1147.
31
Let h be (-6)/(18 + 6) - 3554/(-8). Calculate the highest common divisor of 12 and h.
12
Let r(a) = -6*a + 19. Let b be r(-39). What is the highest common factor of b and 11?
11
Let o = 13 - 10. Suppose -o*k + 5*h = 63, 2*k + 4*h + 23 = h. Let l be (k/(-20))/(8/60). Calculate the greatest common factor of l and 24.
6
Let u(p) = p**2 + p - 6. Let w = 19 + -13. Let r be u(w). Calculate the highest common factor of 27 and r.
9
Suppose -7*v = -1362 - 1382. What is the greatest common divisor of 8 and v?
8
Let o be 6/4*(-4 + 44). Let w(k) = -3*k - 11. Let v be w(8). Let b = v - -59. What is the highest common factor of b and o?
12
Let j = -655 + 277. Let g be ((-2)/6)/(7/j*1). Calculate the highest common divisor of 45 and g.
9
Suppose -3*b = -3*j + 6, 0 = j - 2*b - 7 + 1. Let y be 2*(3/j + 3). Calculate the greatest common factor of 9 and y.
3
Let f = 613 + -568. Suppose 5*t - 23 = -5*g + 12, 5*g - 3*t = 19. Calculate the greatest common divisor of g and f.
5
Suppose 9*i - 176 = 5*i + 4*j, 4*i - 144 = -4*j. Calculat